{"id":4025,"date":"2021-11-03T21:44:50","date_gmt":"2021-11-04T00:44:50","guid":{"rendered":"https:\/\/www.microclima.com.br\/?page_id=4025"},"modified":"2021-11-03T21:50:40","modified_gmt":"2021-11-04T00:50:40","slug":"projeto-de-ar-condicionado-2","status":"publish","type":"page","link":"https:\/\/microclima.com.br\/index.php\/projeto-de-ar-condicionado-2\/","title":{"rendered":"PROJETO DE AR CONDICIONADO"},"content":{"rendered":"\t\t<div data-elementor-type=\"wp-page\" data-elementor-id=\"4025\" class=\"elementor elementor-4025\" data-elementor-settings=\"[]\">\n\t\t\t\t\t\t<div class=\"elementor-inner\">\n\t\t\t\t\t\t\t<div class=\"elementor-section-wrap\">\n\t\t\t\t\t\t\t<section class=\"elementor-section elementor-top-section elementor-element elementor-element-7a33d32 elementor-section-boxed elementor-section-height-default elementor-section-height-default\" data-id=\"7a33d32\" data-element_type=\"section\">\n\t\t\t\t\t\t<div class=\"elementor-container elementor-column-gap-default\">\n\t\t\t\t\t\t\t<div class=\"elementor-row\">\n\t\t\t\t\t<div class=\"elementor-column elementor-col-100 elementor-top-column elementor-element elementor-element-f4c35ae\" data-id=\"f4c35ae\" data-element_type=\"column\">\n\t\t\t<div class=\"elementor-column-wrap elementor-element-populated\">\n\t\t\t\t\t\t\t<div class=\"elementor-widget-wrap\">\n\t\t\t\t\t\t<div class=\"elementor-element elementor-element-8ef7000 elementor-widget elementor-widget-heading\" data-id=\"8ef7000\" data-element_type=\"widget\" data-widget_type=\"heading.default\">\n\t\t\t\t<div class=\"elementor-widget-container\">\n\t\t\t<h2 class=\"elementor-heading-title elementor-size-default\">Projeto de Ar Condicionado<\/h2>\t\t<\/div>\n\t\t\t\t<\/div>\n\t\t\t\t<div class=\"elementor-element elementor-element-33f04e9 elementor-invisible elementor-widget elementor-widget-heading\" data-id=\"33f04e9\" data-element_type=\"widget\" data-settings=\"{&quot;motion_fx_motion_fx_mouse&quot;:&quot;yes&quot;,&quot;_animation&quot;:&quot;fadeIn&quot;}\" data-widget_type=\"heading.default\">\n\t\t\t\t<div class=\"elementor-widget-container\">\n\t\t\t<h5 class=\"elementor-heading-title elementor-size-default\"><a href=\"#teste\">Um bom projeto de ar condicionado necessita de um estudo pr\u00e9vio.<\/a><\/h5>\t\t<\/div>\n\t\t\t\t<\/div>\n\t\t\t\t<section class=\"elementor-section elementor-inner-section elementor-element elementor-element-2168f93 elementor-section-full_width elementor-section-height-default elementor-section-height-default\" data-id=\"2168f93\" data-element_type=\"section\">\n\t\t\t\t\t\t<div class=\"elementor-container elementor-column-gap-default\">\n\t\t\t\t\t\t\t<div class=\"elementor-row\">\n\t\t\t\t\t<div class=\"elementor-column elementor-col-100 elementor-inner-column elementor-element elementor-element-2bb0da7\" data-id=\"2bb0da7\" data-element_type=\"column\">\n\t\t\t<div class=\"elementor-column-wrap elementor-element-populated\">\n\t\t\t\t\t\t\t<div class=\"elementor-widget-wrap\">\n\t\t\t\t\t\t<div class=\"elementor-element elementor-element-e9557bc elementor-widget elementor-widget-image\" data-id=\"e9557bc\" data-element_type=\"widget\" data-widget_type=\"image.default\">\n\t\t\t\t<div class=\"elementor-widget-container\">\n\t\t\t\t\t\t\t\t<div class=\"elementor-image\">\n\t\t\t\t\t\t\t\t\t\t\t\t<img loading=\"lazy\" decoding=\"async\" width=\"1536\" height=\"607\" src=\"https:\/\/microclima.com.br\/wp-content\/uploads\/2021\/10\/h8-img-01-1536x607.jpg\" class=\"attachment-1536x1536 size-1536x1536\" alt=\"\" srcset=\"https:\/\/microclima.com.br\/wp-content\/uploads\/2021\/10\/h8-img-01-1536x607.jpg 1536w, https:\/\/microclima.com.br\/wp-content\/uploads\/2021\/10\/h8-img-01-300x119.jpg 300w, https:\/\/microclima.com.br\/wp-content\/uploads\/2021\/10\/h8-img-01-1024x405.jpg 1024w, https:\/\/microclima.com.br\/wp-content\/uploads\/2021\/10\/h8-img-01-768x304.jpg 768w, https:\/\/microclima.com.br\/wp-content\/uploads\/2021\/10\/h8-img-01-570x225.jpg 570w, https:\/\/microclima.com.br\/wp-content\/uploads\/2021\/10\/h8-img-01-380x150.jpg 380w, https:\/\/microclima.com.br\/wp-content\/uploads\/2021\/10\/h8-img-01-296x117.jpg 296w, https:\/\/microclima.com.br\/wp-content\/uploads\/2021\/10\/h8-img-01.jpg 1920w\" sizes=\"auto, (max-width: 1536px) 100vw, 1536px\" \/>\t\t\t\t\t\t\t\t\t\t\t\t\t\t<\/div>\n\t\t\t\t\t\t<\/div>\n\t\t\t\t<\/div>\n\t\t\t\t\t\t<\/div>\n\t\t\t\t\t<\/div>\n\t\t<\/div>\n\t\t\t\t\t\t\t\t<\/div>\n\t\t\t\t\t<\/div>\n\t\t<\/section>\n\t\t\t\t\t\t<\/div>\n\t\t\t\t\t<\/div>\n\t\t<\/div>\n\t\t\t\t\t\t\t\t<\/div>\n\t\t\t\t\t<\/div>\n\t\t<\/section>\n\t\t\t\t<section class=\"elementor-section elementor-top-section elementor-element elementor-element-39fb03a elementor-section-boxed elementor-section-height-default elementor-section-height-default\" data-id=\"39fb03a\" data-element_type=\"section\">\n\t\t\t\t\t\t<div class=\"elementor-container elementor-column-gap-default\">\n\t\t\t\t\t\t\t<div class=\"elementor-row\">\n\t\t\t\t\t<div class=\"elementor-column elementor-col-100 elementor-top-column elementor-element elementor-element-c2a1f9f\" data-id=\"c2a1f9f\" data-element_type=\"column\">\n\t\t\t<div class=\"elementor-column-wrap elementor-element-populated\">\n\t\t\t\t\t\t\t<div class=\"elementor-widget-wrap\">\n\t\t\t\t\t\t<section class=\"elementor-section elementor-inner-section elementor-element elementor-element-f1a0201 elementor-section-boxed elementor-section-height-default elementor-section-height-default\" data-id=\"f1a0201\" data-element_type=\"section\">\n\t\t\t\t\t\t<div class=\"elementor-container elementor-column-gap-default\">\n\t\t\t\t\t\t\t<div class=\"elementor-row\">\n\t\t\t\t\t<div class=\"elementor-column elementor-col-33 elementor-inner-column elementor-element elementor-element-9bbcfb5\" data-id=\"9bbcfb5\" data-element_type=\"column\">\n\t\t\t<div class=\"elementor-column-wrap\">\n\t\t\t\t\t\t\t<div class=\"elementor-widget-wrap\">\n\t\t\t\t\t\t\t\t<\/div>\n\t\t\t\t\t<\/div>\n\t\t<\/div>\n\t\t\t\t<div class=\"elementor-column elementor-col-33 elementor-inner-column elementor-element elementor-element-07f1f6d\" data-id=\"07f1f6d\" data-element_type=\"column\">\n\t\t\t<div class=\"elementor-column-wrap elementor-element-populated\">\n\t\t\t\t\t\t\t<div class=\"elementor-widget-wrap\">\n\t\t\t\t\t\t<div class=\"elementor-element elementor-element-40b9b5b elementor-widget elementor-widget-heading\" data-id=\"40b9b5b\" data-element_type=\"widget\" data-widget_type=\"heading.default\">\n\t\t\t\t<div class=\"elementor-widget-container\">\n\t\t\t<h3 class=\"elementor-heading-title elementor-size-default\">Adicione o texto do seu t\u00edtulo aqui<\/h3>\t\t<\/div>\n\t\t\t\t<\/div>\n\t\t\t\t\t\t<\/div>\n\t\t\t\t\t<\/div>\n\t\t<\/div>\n\t\t\t\t<div class=\"elementor-column elementor-col-33 elementor-inner-column elementor-element elementor-element-e397cd4\" data-id=\"e397cd4\" data-element_type=\"column\">\n\t\t\t<div class=\"elementor-column-wrap\">\n\t\t\t\t\t\t\t<div class=\"elementor-widget-wrap\">\n\t\t\t\t\t\t\t\t<\/div>\n\t\t\t\t\t<\/div>\n\t\t<\/div>\n\t\t\t\t\t\t\t\t<\/div>\n\t\t\t\t\t<\/div>\n\t\t<\/section>\n\t\t\t\t\t\t<\/div>\n\t\t\t\t\t<\/div>\n\t\t<\/div>\n\t\t\t\t\t\t\t\t<\/div>\n\t\t\t\t\t<\/div>\n\t\t<\/section>\n\t\t\t\t<section class=\"elementor-section elementor-top-section elementor-element elementor-element-b474ef7 elementor-section-boxed elementor-section-height-default elementor-section-height-default\" data-id=\"b474ef7\" data-element_type=\"section\" data-settings=\"{&quot;background_background&quot;:&quot;classic&quot;}\">\n\t\t\t\t\t\t<div class=\"elementor-container elementor-column-gap-default\">\n\t\t\t\t\t\t\t<div class=\"elementor-row\">\n\t\t\t\t\t<div class=\"elementor-column elementor-col-100 elementor-top-column elementor-element elementor-element-45d7da3\" data-id=\"45d7da3\" data-element_type=\"column\">\n\t\t\t<div class=\"elementor-column-wrap elementor-element-populated\">\n\t\t\t\t\t\t\t<div class=\"elementor-widget-wrap\">\n\t\t\t\t\t\t<section class=\"elementor-section elementor-inner-section elementor-element elementor-element-51bfe94 elementor-section-boxed elementor-section-height-default elementor-section-height-default\" data-id=\"51bfe94\" data-element_type=\"section\">\n\t\t\t\t\t\t<div class=\"elementor-container elementor-column-gap-default\">\n\t\t\t\t\t\t\t<div class=\"elementor-row\">\n\t\t\t\t\t<div class=\"elementor-column elementor-col-100 elementor-inner-column elementor-element elementor-element-c88df3b\" data-id=\"c88df3b\" data-element_type=\"column\">\n\t\t\t<div class=\"elementor-column-wrap elementor-element-populated\">\n\t\t\t\t\t\t\t<div class=\"elementor-widget-wrap\">\n\t\t\t\t\t\t<div class=\"elementor-element elementor-element-c68c52b elementor-widget elementor-widget-text-editor\" data-id=\"c68c52b\" data-element_type=\"widget\" data-widget_type=\"text-editor.default\">\n\t\t\t\t<div class=\"elementor-widget-container\">\n\t\t\t\t\t\t\t\t<div class=\"elementor-text-editor elementor-clearfix\">\n\t\t\t\t<p><span style=\"font-family: teko; font-size: 30px; color: #fff; text-transform: uppercase;\">Projeto<\/span><\/p><p>Um bom projeto de ar condicionado necessita de um estudo pr\u00e9vio. \u00c9 preciso verificar a compatibilidade da carga t\u00e9rmica com o local. O projeto precisa verificar o tipo de parede, as janelas e a quantidade de sol di\u00e1rio no local que ser\u00e1 instalado.<\/p><p>A partir dessas informa\u00e7\u00f5es pr\u00e9vias, a empresa seleciona os equipamentos de ar condicionado que tenham a capacidade ideal para o local. Isso evita que o equipamento instalado seja maior do que a necessidade para o espa\u00e7o, evitando custo financeiro e desperd\u00edcio de espa\u00e7o f\u00edsico.<\/p><p>Lembramos tamb\u00e9m que as dimens\u00f5es corretas do aparelho de ar condicionado s\u00e3o as principais respons\u00e1veis pela economia de energia el\u00e9trica.<\/p><p><span style=\"font-family: teko; font-size: 30px; color: #fff; text-transform: uppercase;\">Par\u00e2metros e Normas. <\/span><\/p><p>Qualquer projeto de sistema de ar condicionado precisa seguir par\u00e2metros e normas. Essas regras visam a seguran\u00e7a da local e o conforto do usu\u00e1rio. Tanto em sistemas de ar condicionado residenciais quanto comerciais precisam seguir as normas. Eles evitam o excesso de ru\u00eddos, bem como a seguran\u00e7a quanto a inc\u00eandios.<\/p><p>Os materiais obrigat\u00f3rios para os componentes do sistema de ar, tipos de fios, instala\u00e7\u00f5es el\u00e9tricas, bobinas de zinco, materiais de constru\u00e7\u00e3o. Tudo isso \u00e9 para evitar a propaga\u00e7\u00e3o das chamas em casos de inc\u00eandio. Esses itens tem que fazer parte do projeto e ser\u00e3o verificados pelos \u00f3rg\u00e3os fiscalizadores em dias de inspe\u00e7\u00e3o.<\/p><p>Tantos os sistemas centrais quanto unit\u00e1rios de ar condicionado t\u00eam que respeitar determinados par\u00e2metros de qualidade do ar interior e de conforto t\u00e9rmico. Sejam para temperaturas altas ou baixas. Se o sistema estiver muito quente ou muito frio, pode prejudicar os funcion\u00e1rios de uma empresa, bem como os moradores de uma resid\u00eancia.<\/p><p>A Microclima, especializada em sistemas de ar condicionado, desenvolve os melhores projetos de instala\u00e7\u00e3o de sistemas de ar condicionado. Ap\u00f3s v\u00e1rios anos de atividade, seus diferenciais s\u00e3o: a qualidade dos projetos, o custo benef\u00edcio e a total garantia do cumprimento das normas da Associa\u00e7\u00e3o Brasileira de Normas T\u00e9cnicas(ABNT).<\/p><p>Essa norma brasileira aponta um par\u00e2metro para regula\u00e7\u00e3o da umidade, qualidade do ar ambiente, temperatura, movimenta\u00e7\u00e3o e a renova\u00e7\u00e3o do ar, j\u00e1 que tem que ter uma fonte de \u00e1gua limpa para sua renova\u00e7\u00e3o. Em alguns locais o sistema controla a press\u00e3o interna do espa\u00e7o.<\/p><p>Por isso, \u00e9 de extrema import\u00e2ncia o projeto de ar condicionado respeitar as normas da ABNT.<\/p><p>Entre em contato conosco e enviaremos um projeto sob medida para voc\u00ea ou sua empresa.<\/p>\t\t\t\t\t<\/div>\n\t\t\t\t\t\t<\/div>\n\t\t\t\t<\/div>\n\t\t\t\t\t\t<\/div>\n\t\t\t\t\t<\/div>\n\t\t<\/div>\n\t\t\t\t\t\t\t\t<\/div>\n\t\t\t\t\t<\/div>\n\t\t<\/section>\n\t\t\t\t\t\t<\/div>\n\t\t\t\t\t<\/div>\n\t\t<\/div>\n\t\t\t\t\t\t\t\t<\/div>\n\t\t\t\t\t<\/div>\n\t\t<\/section>\n\t\t\t\t\t\t<\/div>\n\t\t\t\t\t\t<\/div>\n\t\t\t\t\t<\/div>\n\t\t","protected":false},"excerpt":{"rendered":"<p>Projeto de Ar Condicionado Um bom projeto de ar condicionado necessita de um estudo pr\u00e9vio. Adicione o texto do seu t\u00edtulo aqui Projeto Um bom projeto de ar condicionado necessita de um estudo pr\u00e9vio. \u00c9 preciso verificar a compatibilidade da carga t\u00e9rmica com o local. O projeto precisa verificar o tipo de parede, as janelas [&hellip;]<\/p>\n","protected":false},"author":1,"featured_media":0,"parent":0,"menu_order":0,"comment_status":"closed","ping_status":"closed","template":"elementor_header_footer","meta":{"footnotes":""},"class_list":["post-4025","page","type-page","status-publish","hentry"],"_links":{"self":[{"href":"https:\/\/microclima.com.br\/index.php\/wp-json\/wp\/v2\/pages\/4025","targetHints":{"allow":["GET"]}}],"collection":[{"href":"https:\/\/microclima.com.br\/index.php\/wp-json\/wp\/v2\/pages"}],"about":[{"href":"https:\/\/microclima.com.br\/index.php\/wp-json\/wp\/v2\/types\/page"}],"author":[{"embeddable":true,"href":"https:\/\/microclima.com.br\/index.php\/wp-json\/wp\/v2\/users\/1"}],"replies":[{"embeddable":true,"href":"https:\/\/microclima.com.br\/index.php\/wp-json\/wp\/v2\/comments?post=4025"}],"version-history":[{"count":10,"href":"https:\/\/microclima.com.br\/index.php\/wp-json\/wp\/v2\/pages\/4025\/revisions"}],"predecessor-version":[{"id":4037,"href":"https:\/\/microclima.com.br\/index.php\/wp-json\/wp\/v2\/pages\/4025\/revisions\/4037"}],"wp:attachment":[{"href":"https:\/\/microclima.com.br\/index.php\/wp-json\/wp\/v2\/media?parent=4025"}],"curies":[{"name":"wp","href":"https:\/\/api.w.org\/{rel}","templated":true}]}}